{"id":233,"date":"2026-01-05T18:59:30","date_gmt":"2026-01-05T18:59:30","guid":{"rendered":"https:\/\/camieugenie.com\/?page_id=233"},"modified":"2026-01-12T09:33:43","modified_gmt":"2026-01-12T09:33:43","slug":"en-savoir-plus","status":"publish","type":"page","link":"https:\/\/camieugenie.com\/?page_id=233","title":{"rendered":"A propos"},"content":{"rendered":"\n<div class=\"wp-block-group alignwide has-background is-layout-flow wp-block-group-is-layout-flow\" style=\"background-color:#f2f0e9\">\n<div class=\"wp-block-columns alignwide are-vertically-aligned-center is-layout-flex wp-container-core-columns-is-layout-28f84493 wp-block-columns-is-layout-flex\">\n<div class=\"wp-block-column is-layout-flow wp-block-column-is-layout-flow\" style=\"flex-basis:50%\">\n<p class=\"has-text-color\" style=\"color:#000000;font-size:clamp(18.959px, 1.185rem + ((1vw - 3.2px) * 1.255), 30px);line-height:1.1\"><strong>En savoir plus sur moi: <\/strong><\/p>\n<\/div>\n\n\n\n<div class=\"wp-block-column is-layout-flow wp-block-column-is-layout-flow\" style=\"flex-basis:50%\">\n<hr class=\"wp-block-separator has-text-color has-css-opacity has-background is-style-wide\" style=\"background-color:#000000;color:#000000\"\/>\n<\/div>\n<\/div>\n\n\n\n<div class=\"wp-block-columns alignwide is-layout-flex wp-container-core-columns-is-layout-28f84493 wp-block-columns-is-layout-flex\">\n<div class=\"wp-block-column is-layout-flow wp-block-column-is-layout-flow\">\n<p>Je m\u2019appelle Camille <br>aka Cami Eug\u00e9nie sur les r\u00e9seaux, <br>j\u2019ai 30 ans et je vis pr\u00e8s d\u2019Annecy.<\/p>\n\n\n\n<figure class=\"wp-block-image size-large is-resized\"><img loading=\"lazy\" decoding=\"async\" width=\"768\" height=\"1024\" src=\"http:\/\/camieugenie.com\/wp-content\/uploads\/2025\/10\/IMG_1452-768x1024.jpg\" alt=\"\" class=\"wp-image-8\" style=\"width:311px;height:auto\" srcset=\"https:\/\/camieugenie.com\/wp-content\/uploads\/2025\/10\/IMG_1452-768x1024.jpg 768w, https:\/\/camieugenie.com\/wp-content\/uploads\/2025\/10\/IMG_1452-225x300.jpg 225w, https:\/\/camieugenie.com\/wp-content\/uploads\/2025\/10\/IMG_1452-1152x1536.jpg 1152w, https:\/\/camieugenie.com\/wp-content\/uploads\/2025\/10\/IMG_1452-1536x2048.jpg 1536w, https:\/\/camieugenie.com\/wp-content\/uploads\/2025\/10\/IMG_1452-scaled.jpg 1920w\" sizes=\"auto, (max-width: 768px) 100vw, 768px\" \/><\/figure>\n<\/div>\n\n\n\n<div class=\"wp-block-column is-layout-flow wp-block-column-is-layout-flow\">\n<p class=\"has-text-color has-extra-small-font-size\" style=\"color:#000000\">Pour moi, l&rsquo;<strong>UGC c&rsquo;est une question de sant\u00e9<\/strong>. <br>Je suis porteuse du g\u00e8ne <strong>BRCA1<\/strong> <em>(en gros 80% de risque de cancer \u00ab\u00a0f\u00e9minin\u00a0\u00bb) <\/em>et j\u2019ai accept\u00e9 de faire une <strong>mastectomie bilat\u00e9rale pr\u00e9ventive avec reconstruction<\/strong> pour r\u00e9duire mon risque de cancer. <br><br>De plus j&rsquo;ai un <strong>SOPK <\/strong>et j&rsquo;ai \u00e9t\u00e9 diagnostiqu\u00e9e <strong>autiste haut fonctionnement. <\/strong><br>Ces exp\u00e9riences ont profond\u00e9ment chang\u00e9 ma fa\u00e7on de vivre et me pousse quotidiennement \u00e0 <strong>me concentrer sur ce qui compte vraiment : ma sant\u00e9, mon bien-\u00eatre et mon impact<\/strong>.<\/p>\n<\/div>\n\n\n\n<div class=\"wp-block-column is-layout-flow wp-block-column-is-layout-flow\">\n<p class=\"has-text-color has-extra-small-font-size\" style=\"color:#000000\">Aujourd\u2019hui, je cr\u00e9e du contenu pour des marques qui partagent mes valeurs\u202f: <strong>authenticit\u00e9, transparence, impact et respect de l\u2019humain<\/strong>. <br><br>Mon v\u00e9cu m\u2019a appris \u00e0 <strong>ne pas faire semblant et \u00e0 valoriser le meilleur et le partager<\/strong>. L\u2019UGC me permet de travailler selon mon \u00e9nergie, de cr\u00e9er des contenus qui ont un r\u00e9el impact et de <strong>mon\u00e9tiser mes comp\u00e9tences tout en respectant ma sant\u00e9 mentale et physique<\/strong>.<\/p>\n\n\n\n<p class=\"has-text-color has-extra-small-font-size\" style=\"color:#000000\">Je transforme mes forces, ma sensibilit\u00e9 et mon exp\u00e9rience en <strong>contenu qui parle vraiment aux gens<\/strong>, qui rassure et qui convertit, sans compromis.<\/p>\n<\/div>\n<\/div>\n<\/div>\n","protected":false},"excerpt":{"rendered":"<p>En savoir plus sur moi: Je m\u2019appelle Camille aka Cami Eug\u00e9nie sur les r\u00e9seaux, j\u2019ai 30 ans et je vis pr\u00e8s d\u2019Annecy. Pour moi, l&rsquo;UGC c&rsquo;est une question de sant\u00e9. Je suis porteuse du g\u00e8ne BRCA1 (en gros 80% de risque de cancer \u00ab\u00a0f\u00e9minin\u00a0\u00bb) et j\u2019ai accept\u00e9 de faire une mastectomie bilat\u00e9rale pr\u00e9ventive avec reconstruction [&hellip;]<\/p>\n","protected":false},"author":1,"featured_media":0,"parent":0,"menu_order":0,"comment_status":"closed","ping_status":"closed","template":"","meta":{"footnotes":""},"class_list":["post-233","page","type-page","status-publish","hentry"],"_links":{"self":[{"href":"https:\/\/camieugenie.com\/index.php?rest_route=\/wp\/v2\/pages\/233","targetHints":{"allow":["GET"]}}],"collection":[{"href":"https:\/\/camieugenie.com\/index.php?rest_route=\/wp\/v2\/pages"}],"about":[{"href":"https:\/\/camieugenie.com\/index.php?rest_route=\/wp\/v2\/types\/page"}],"author":[{"embeddable":true,"href":"https:\/\/camieugenie.com\/index.php?rest_route=\/wp\/v2\/users\/1"}],"replies":[{"embeddable":true,"href":"https:\/\/camieugenie.com\/index.php?rest_route=%2Fwp%2Fv2%2Fcomments&post=233"}],"version-history":[{"count":5,"href":"https:\/\/camieugenie.com\/index.php?rest_route=\/wp\/v2\/pages\/233\/revisions"}],"predecessor-version":[{"id":250,"href":"https:\/\/camieugenie.com\/index.php?rest_route=\/wp\/v2\/pages\/233\/revisions\/250"}],"wp:attachment":[{"href":"https:\/\/camieugenie.com\/index.php?rest_route=%2Fwp%2Fv2%2Fmedia&parent=233"}],"curies":[{"name":"wp","href":"https:\/\/api.w.org\/{rel}","templated":true}]}}